?
-113
Let a(y) = -y**3 + 10*y**2 - 17*y + 18. What is a(8)?
10
Let w(s) = -2*s**3 + 50*s**2 + s - 33. Calculate w(25).
-8
Let v(i) = -i**2 + 4*i - 9. Calculate v(6).
-21
Let s(l) = l**2 - 20*l - 31. Determine s(16).
-95
Let a(i) = -2*i**2 - 8*i + 2. Determine a(-4).
2
Let w(t) = -2*t - 21. Calculate w(-25).
29
Let m(a) = 11*a**2. Calculate m(2).
44
Let o(g) = -70*g + 492. What is o(7)?
2
Let l(q) = q**3 - 6*q**2 - 11*q + 2. Calculate l(8).
42
Let r(u) = u**3 - 6*u**2 - u + 5. What is r(6)?
-1
Let r(k) = k**2 - 6*k - 13. Calculate r(6).
-13
Let b(z) = -18*z + 11. Give b(2).
-25
Let g(h) = h**3 + 9*h**2 - 9*h - 74. Give g(-9).
7
Let s(l) = l**2 + 5*l + 2. Give s(-7).
16
Let l(r) = -31*r + 474. Calculate l(15).
9
Let u(b) = b**3 + 17*b**2 + 15*b - 3. Calculate u(-16).
13
Let k(f) = -3*f - 26. Calculate k(-14).
16
Let w(y) = -4*y**2 - 2*y + 1. What is w(2)?
-19
Let i(x) = 99*x + 403. Give i(-4).
7
Let f(v) = v**2 - 33*v + 62. Determine f(33).
62
Let t(f) = f - 5. Give t(-5).
-10
Let x(a) = -2*a**2 - a - 1. Determine x(3).
-22
Let s(l) = 5*l + 11. Calculate s(-3).
-4
Let n(k) = -k**3 + 4*k**2 - 4*k + 2. What is n(3)?
-1
Let o(i) = -9*i - 5. Determine o(-2).
13
Let r(b) = -b**3 + 12*b**2 + 16*b - 14. What is r(13)?
25
Let x(k) = 8*k. Give x(-2).
-16
Let a(i) = 8*i - 229. Determine a(28).
-5
Let c(p) = 4*p + 13. What is c(-4)?
-3
Let v(b) = 2*b**3 + b**2 - 3. What is v(2)?
17
Let h(v) = -6*v + 25. What is h(4)?
1
Let w(m) = -m**2 + 13*m - 40. Give w(5).
0
Let n(q) = -5*q - 34. Determine n(-8).
6
Let v(a) = 35*a + 150. Calculate v(-5).
-25
Let n(v) = 2*v**3 + 22*v**2 + 50*v + 11. What is n(-8)?
-5
Let h(j) = 2*j**2 - 3*j - 13. What is h(-4)?
31
Let w(r) = -r**3 + 9*r**2 - 11*r + 4. What is w(7)?
25
Let f(u) = -u**3 + 3*u**2 + u. What is f(-1)?
3
Let u(d) = -d**2 - 6*d - 9. What is u(-5)?
-4
Let p(g) = g**2 - 11*g - 38. Give p(14).
4
Let r(u) = 7*u**3 + 4*u**2 - 8. What is r(-2)?
-48
Let w(c) = -c + 1. Calculate w(-2).
3
Let j(l) = -l + 12. Calculate j(15).
-3
Let v(f) = -f**3 - 16*f**2 + 35*f + 38. What is v(-18)?
56
Let b(f) = -f**3 - 5*f**2 + 2*f - 2. Determine b(-5).
-12
Let g(t) = t. Determine g(-1).
-1
Let f(n) = -100*n + 1. Determine f(0).
1
Let k(o) = -43*o**2 + 123*o - 3. Give k(3).
-21
Let n(f) = -f**3 + 9*f**2 + 11*f + 6. Give n(10).
16
Let x(l) = -7*l**2 - 2. Determine x(2).
-30
Let x(y) = y - 4. What is x(-3)?
-7
Let x(o) = o + 3. What is x(-8)?
-5
Let c(y) = 2*y**3 + 4*y**2 + 5*y + 3. Give c(-3).
-30
Let o(v) = 2*v**3 + v**2 + 1. What is o(-2)?
-11
Let l(n) = 3*n**2 - 3*n + 3. What is l(2)?
9
Let o(t) = 2*t - 18. What is o(5)?
-8
Let a(s) = -8*s + 4. Give a(12).
-92
Let t(y) = 2*y**3 + 2*y. Calculate t(-2).
-20
Let i(p) = p**3 - 11*p**2 - 3*p + 17. Give i(12).
125
Let w(d) = d + 14. Calculate w(-8).
6
Let i(w) = 35*w + 54. Give i(-3).
-51
Let i(b) = 2*b**3 - 21*b**2 + 10*b - 2. What is i(10)?
-2
Let b(m) = -m**3 - 9*m**2 + 24*m + 10. What is b(-11)?
-12
Let b(a) = -a**3 + 29*a**2 - 55*a + 32. Calculate b(27).
5
Let z(f) = -f**3 - 3*f + 2. What is z(1)?
-2
Let u(h) = 2*h**3 + 30*h**2. What is u(-15)?
0
Let s(b) = 23*b - 90. What is s(5)?
25
Let d(b) = -b**3 + 73*b**2 - 79*b + 509. Calculate d(72).
5
Let m(c) = -c**3 - c**2 + 4*c - 1. Calculate m(-4).
31
Let y(f) = f**3 + 8*f**2 + 11*f + 4. Give y(-7).
-24
Let s(u) = u**2 - 15*u + 22. Give s(9).
-32
Let w(s) = -s**3 + 18*s**2 + 19*s + 4. Determine w(19).
4
Let w(f) = f**3 - 8*f**2 + 11*f - 3. What is w(5)?
-23
Let k(j) = -j**2 + 10*j - 18. Calculate k(6).
6
Let q(m) = -2*m**2 + 8*m + 4. What is q(6)?
-20
Let t(m) = m**3 - 5*m**2 + 4*m + 5. Determine t(4).
5
Let x(t) = t + 14. Determine x(6).
20
Let g(t) = -3*t**3 + 17*t**2 + 6*t + 2. Give g(6).
2
Let j(x) = 3*x + 50. Calculate j(-15).
5
Let y(z) = z - 2. Determine y(4).
2
Let d(i) = -2*i**3 + 3*i**2 + 2*i - 4. Give d(2).
-4
Let f(g) = -3*g**3 + 2*g**2 + 2*g - 1. Give f(-2).
27
Let w(j) = -j**2 - 4*j + 2. Calculate w(-7).
-19
Let i(p) = 2*p + 18. Calculate i(-16).
-14
Let w(j) = -16*j - 9. Give w(1).
-25
Let o(h) = -h**3 - 4*h**2 + 3*h + 9. Calculate o(-6).
63
Let m(l) = -l**3 + 11*l**2 - 10*l + 18. Give m(10).
18
Let n(v) = -v**3 - v**2 - 4*v - 5. What is n(-2)?
7
Let n(x) = -18*x + 1. What is n(1)?
-17
Let y(d) = -18*d + 57. Give y(3).
3
Let h(f) = -f + 21. Determine h(9).
12
Let s(p) = 3*p**3 - 3*p**2 + 2*p + 1. Determine s(2).
17
Let f(l) = l**3 - 6*l**2 + 5. Determine f(4).
-27
Let j(u) = -u - 11. Calculate j(-7).
-4
Let a(u) = u**3 - 23*u**2 + 21*u + 21. Determine a(22).
-1
Let a(j) = j**3 - 6*j**2 + 8*j - 1. What is a(3)?
-4
Let w(g) = -2*g**3 - 2*g**2 + 3*g + 2. What is w(-2)?
4
Let m(r) = r**2 + 9*r - 3. Give m(-7).
-17
Let t(k) = -4*k - 7. What is t(-1)?
-3
Let i(z) = -z**3 - 9*z**2 + 3*z + 30. Determine i(-9).
3
Let z(g) = -5*g - 34. What is z(-9)?
11
Let g(d) = d**3 - 9*d**2 + 8*d + 9. What is g(8)?
9
Let l(p) = p**3 - 8*p**2 - 11*p - 10. Give l(10).
80
Let s(n) = n**3 - 7*n**2 - 2*n + 4. Calculate s(7).
-10
Let u(t) = 10*t - 13. Determine u(4).
27
Let h(y) = -2*y**3 + 17*y**2 + 9*y - 8. Calculate h(9).
-8
Let k(w) = 2*w**2 + 7*w - 6. Determine k(-8).
66
Let s(a) = 47*a**2 - 517*a + 4. Give s(11).
4
Let w(o) = -o**2 + 17*o - 54. What is w(5)?
6
Let m(v) = -v**2 + 2*v + 22. Determine m(0).
22
Let w(o) = -o**3 - o**2 + 3*o + 3. What is w(-2)?
1
Let f(b) = -b**2 - 4*b + 2. Calculate f(3).
-19
Let y(x) = -4*x - 12. What is y(-10)?
28
Let k(a) = a**3 - 8*a**2 + 6*a + 17. Give k(7).
10
Let m(v) = v**3 - 24*v**2 - 26*v. Give m(25).
-25
Let j(n) = -n**2 - n - 3. Calculate j(-4).
-15
Let p(h) = -2*h**2 + 32*h - 33. Give p(17).
-67
Let u(x) = -6*x - 4. Calculate u(0).
-4
Let u(d) = -d**2 + 11*d - 4. Determine u(-5).
-84
Let s(g) = g**3 - 13*g**2 - 11*g - 13. Determine s(14).
29
Let t(v) = -15*v**3 - 2*v**2 + 2*v - 1. What is t(1)?
-16
Let p(c) = c**3 - 2*c**2 + 6. Determine p(3).
15
Let f(c) = c**3 + c**2 - 5*c - 3. What is f(-3)?
-6
Let t(y) = y**2 - 15*y + 11. Give t(11).
-33
Let j(r) = -40*r**2 - r - 1. Determine j(-1).
-40
Let y(t) = t**2 - 16*t - 53. Determine y(-3).
4
Let d(g) = 69*g + 136. Give d(-2).
-2
Let i(d) = d + 50. Calculate i(-6).
44
Let u(h) = -2*h + 39. Determine u(19).
1
Let l(f) = f**2 + 26*f - 5. Determine l(0).
-5
Let z(w) = -w**2 + 5*w - 6. Determine z(3).
0
Let h(f) = -2*f**3 - f**2 + 9*f - 4. Give h(3).
-40
Let g(k) = k**2 + 6*k + 4. What is g(-14)?
116
Let h(s) = -3*s**3 - 68*s**2 + 22*s + 7. Calculate h(-23).
30
Let g(x) = -2*x**2 + 13*x - 24. Give g(8).
-48
Let j(t) = -t**2 - 4*t + 1. Calculate j(-3).
4
Let u(r) = 6*r + 36. Determine u(-4).
12
Let f(c) = 23*c. What is f(1)?
23
Let s(d) = -d - 1. Give s(-21).
20
Let u(h) = -4*h**3 - 2*h**2 + 2*h + 3. Determine u(-2).
23
Let g(r) = 10*r - 20. Give g(-6).
-80
Let k(j) = 31*j. Calculate k(1).
31
Let k(v) = -3*v - 67. Determine k(-24).
5
Let n(b) = b**2 - 60*b - 319. Determine n(-5).
6
Let c(b) = b**2 + b + 8. Calculate c(0).
8
Let p(a) = -4*a**2 + 3*a + 3. Give p(3).
-24
Let s(j) = -26*j**2 - j - 1. What is s(-1)?
-26
Let t(v) = 2*v**3 + 26*v**2 + v + 1. What is t(-13)?
-12
Let h(y) = -3*y**2 - 4*y - 3. Calculate h(-2).
-7
Let r(z) = -z**3 - 29*z**2 + 30*z - 4. Determine r(-30).
-4
Let d(i) = -i**2 + 15*i - 16. Determine d(15).
-16
Let x(b) = b**2 + 5*b - 17. What is x(-7)?
-3
Let k(j) = 6*j - 2. Calculate k(-7).
-44
Let w(i) = -i**3 - 12*i**2 - 8*i + 19. Give w(-11).
-14
Let r(v) = 4*v**3 - 4*v**2 - v + 2. Give r(-1).
-5
Let t(s) = s**2 - 12*s + 10. Determine t(10).
-10
Let l(x) = -3*x**2 + 15*x + 5. Determine l(5).
5
Let b(o) = -3*o**2 - 18*o + 8. Calculate b(-6).
8
Let y(h) = -h**3 - h**2 + h + 15. What is y(0)?
15
Let f(q) = -q**3 - 2*q - 5. Determine f(0).
-5
Let u(q) = 16*q - 1. What is u(-4)?
-65
Let r(l) = l**2 - 15*l - 2. Calculate r(3).
-38
Let p(f) = -4*f + 33. Determine p(-4).
49
Let l(o) = o**2 - 2*o - 4. What is l(3)?
-1
Let j(u) = -u + 3. Determine j(-7).
10
Let o(q) = 4*q - 57. Calculate o(16).
7
Let g(v) = v**3 + v + 89. Determine g(0).
89
Let x(d) = 33*d. Give x(1).
33
Let x(a) = -6*a + 1. Determine x(0).
1
Let x(u) = -2*u - 24. Calculate x(-13).
2
Let j(i) = -i - 9. What is j(-9)?
0
Let v(a) = 6*a**2 + 22*a + 4. Calculate v(-5).
44
Let w(r) = -r**3 + 23*r**2 + 20*r + 91. What is w(24)?
-5
Let y(r) = r**2 - 2*r - 3. Determine y(5).
12
Let s(d